{"id":95,"date":"2018-06-22T18:51:49","date_gmt":"2018-06-22T18:51:49","guid":{"rendered":"http:\/\/fiestadelasmarias.com\/guia\/?page_id=95"},"modified":"2018-07-24T22:43:41","modified_gmt":"2018-07-24T22:43:41","slug":"la-romeria","status":"publish","type":"page","link":"https:\/\/fiestadelasmarias.com\/guia\/la-romeria\/","title":{"rendered":"La Romer\u00eda"},"content":{"rendered":"\t\t<div data-elementor-type=\"wp-post\" data-elementor-id=\"95\" class=\"elementor elementor-95 elementor-bc-flex-widget\" data-elementor-post-type=\"page\">\n\t\t\t\t\t\t<section class=\"elementor-section elementor-top-section elementor-element elementor-element-69048827 elementor-section-content-middle elementor-section-full_width elementor-reverse-mobile elementor-section-stretched elementor-section-height-default elementor-section-height-default\" data-id=\"69048827\" data-element_type=\"section\" data-e-type=\"section\" data-settings=\"{&quot;background_background&quot;:&quot;none&quot;,&quot;stretch_section&quot;:&quot;section-stretched&quot;}\">\n\t\t\t\t\t\t<div class=\"elementor-container elementor-column-gap-no\">\n\t\t\t\t\t<div class=\"elementor-column elementor-col-100 elementor-top-column elementor-element elementor-element-603bd16a\" data-id=\"603bd16a\" data-element_type=\"column\" data-e-type=\"column\" data-settings=\"{&quot;background_background&quot;:&quot;gradient&quot;}\">\n\t\t\t<div class=\"elementor-widget-wrap elementor-element-populated\">\n\t\t\t\t\t\t<div class=\"elementor-element elementor-element-921150a animated-slow elementor-invisible elementor-widget elementor-widget-image\" data-id=\"921150a\" data-element_type=\"widget\" data-e-type=\"widget\" data-settings=\"{&quot;_animation&quot;:&quot;fadeIn&quot;}\" data-widget_type=\"image.default\">\n\t\t\t\t<div class=\"elementor-widget-container\">\n\t\t\t\t\t\t\t\t\t\t\t\t\t\t\t<img fetchpriority=\"high\" decoding=\"async\" width=\"1920\" height=\"478\" src=\"https:\/\/fiestadelasmarias.com\/guia\/wp-content\/uploads\/2018\/06\/cab_romeria.jpg\" class=\"attachment-full size-full wp-image-211\" alt=\"\" srcset=\"https:\/\/fiestadelasmarias.com\/guia\/wp-content\/uploads\/2018\/06\/cab_romeria.jpg 1920w, https:\/\/fiestadelasmarias.com\/guia\/wp-content\/uploads\/2018\/06\/cab_romeria-300x75.jpg 300w, https:\/\/fiestadelasmarias.com\/guia\/wp-content\/uploads\/2018\/06\/cab_romeria-768x191.jpg 768w, https:\/\/fiestadelasmarias.com\/guia\/wp-content\/uploads\/2018\/06\/cab_romeria-1024x255.jpg 1024w\" sizes=\"(max-width: 1920px) 100vw, 1920px\" \/>\t\t\t\t\t\t\t\t\t\t\t\t\t\t\t<\/div>\n\t\t\t\t<\/div>\n\t\t\t\t\t<\/div>\n\t\t<\/div>\n\t\t\t\t\t<\/div>\n\t\t<\/section>\n\t\t\t\t<section class=\"elementor-section elementor-top-section elementor-element elementor-element-a4aa0cb elementor-section-content-middle elementor-section-full_width elementor-reverse-mobile elementor-section-stretched elementor-section-height-default elementor-section-height-default\" data-id=\"a4aa0cb\" data-element_type=\"section\" data-e-type=\"section\" data-settings=\"{&quot;background_background&quot;:&quot;none&quot;,&quot;stretch_section&quot;:&quot;section-stretched&quot;}\">\n\t\t\t\t\t\t<div class=\"elementor-container elementor-column-gap-no\">\n\t\t\t\t\t<div class=\"elementor-column elementor-col-50 elementor-top-column elementor-element elementor-element-3cadc74\" data-id=\"3cadc74\" data-element_type=\"column\" data-e-type=\"column\" data-settings=\"{&quot;background_background&quot;:&quot;classic&quot;}\">\n\t\t\t<div class=\"elementor-widget-wrap elementor-element-populated\">\n\t\t\t\t\t\t<div class=\"elementor-element elementor-element-92ae46b animated-slow elementor-invisible elementor-widget elementor-widget-text-editor\" data-id=\"92ae46b\" data-element_type=\"widget\" data-e-type=\"widget\" data-settings=\"{&quot;_animation&quot;:&quot;fadeIn&quot;}\" data-widget_type=\"text-editor.default\">\n\t\t\t\t<div class=\"elementor-widget-container\">\n\t\t\t\t\t\t\t\t\t<p>Al finalizar la procesi\u00f3n por las calles, La Virgen es situada a la entrada del Templo Parroquial, comenzando as\u00ed la esperada Romer\u00eda de Las Mar\u00edas.<\/p><p>De una fiesta votiva, de una promesa popular, surge entonces, una romer\u00eda singular y solemne. Y quien participe en la misma, bien como romero, bien como visitante, se fascinar\u00e1 al instante por la canariedad, el tipismo, el decoro y el respeto por las tradiciones que envuelven a este celebrado evento, donde de forma exclusiva se rinde pleites\u00eda a la Virgen, sin corporaciones ni personalidades p\u00fablicas que meng\u00fcen o desv\u00eden esta hist\u00f3rica tradici\u00f3n popular.<\/p>\t\t\t\t\t\t\t\t<\/div>\n\t\t\t\t<\/div>\n\t\t\t\t\t<\/div>\n\t\t<\/div>\n\t\t\t\t<div class=\"elementor-column elementor-col-50 elementor-top-column elementor-element elementor-element-9014bdd animated-slow elementor-invisible\" data-id=\"9014bdd\" data-element_type=\"column\" data-e-type=\"column\" data-settings=\"{&quot;background_background&quot;:&quot;classic&quot;,&quot;animation&quot;:&quot;slideInRight&quot;}\">\n\t\t\t<div class=\"elementor-widget-wrap elementor-element-populated\">\n\t\t\t\t\t<div class=\"elementor-background-overlay\"><\/div>\n\t\t\t\t\t\t<div class=\"elementor-element elementor-element-668d61a elementor-widget elementor-widget-spacer\" data-id=\"668d61a\" data-element_type=\"widget\" data-e-type=\"widget\" data-widget_type=\"spacer.default\">\n\t\t\t\t<div class=\"elementor-widget-container\">\n\t\t\t\t\t\t\t<div class=\"elementor-spacer\">\n\t\t\t<div class=\"elementor-spacer-inner\"><\/div>\n\t\t<\/div>\n\t\t\t\t\t\t<\/div>\n\t\t\t\t<\/div>\n\t\t\t\t\t<\/div>\n\t\t<\/div>\n\t\t\t\t\t<\/div>\n\t\t<\/section>\n\t\t\t\t<section class=\"elementor-section elementor-top-section elementor-element elementor-element-37de0d58 elementor-section-content-middle elementor-section-full_width elementor-section-stretched elementor-section-height-default elementor-section-height-default\" data-id=\"37de0d58\" data-element_type=\"section\" data-e-type=\"section\" data-settings=\"{&quot;background_background&quot;:&quot;classic&quot;,&quot;stretch_section&quot;:&quot;section-stretched&quot;}\">\n\t\t\t\t\t\t<div class=\"elementor-container elementor-column-gap-no\">\n\t\t\t\t\t<div class=\"elementor-column elementor-col-50 elementor-top-column elementor-element elementor-element-5e0ef44 animated-slow elementor-invisible\" data-id=\"5e0ef44\" data-element_type=\"column\" data-e-type=\"column\" data-settings=\"{&quot;background_background&quot;:&quot;classic&quot;,&quot;animation&quot;:&quot;slideInLeft&quot;}\">\n\t\t\t<div class=\"elementor-widget-wrap elementor-element-populated\">\n\t\t\t\t\t\t<div class=\"elementor-element elementor-element-8d7f7e7 elementor-widget elementor-widget-spacer\" data-id=\"8d7f7e7\" data-element_type=\"widget\" data-e-type=\"widget\" data-widget_type=\"spacer.default\">\n\t\t\t\t<div class=\"elementor-widget-container\">\n\t\t\t\t\t\t\t<div class=\"elementor-spacer\">\n\t\t\t<div class=\"elementor-spacer-inner\"><\/div>\n\t\t<\/div>\n\t\t\t\t\t\t<\/div>\n\t\t\t\t<\/div>\n\t\t\t\t\t<\/div>\n\t\t<\/div>\n\t\t\t\t<div class=\"elementor-column elementor-col-50 elementor-top-column elementor-element elementor-element-27271de3\" data-id=\"27271de3\" data-element_type=\"column\" data-e-type=\"column\">\n\t\t\t<div class=\"elementor-widget-wrap elementor-element-populated\">\n\t\t\t\t\t\t<div class=\"elementor-element elementor-element-0995b0d animated-slow elementor-invisible elementor-widget elementor-widget-text-editor\" data-id=\"0995b0d\" data-element_type=\"widget\" data-e-type=\"widget\" data-settings=\"{&quot;_animation&quot;:&quot;fadeIn&quot;}\" data-widget_type=\"text-editor.default\">\n\t\t\t\t<div class=\"elementor-widget-container\">\n\t\t\t\t\t\t\t\t\tPor las a\u00fan engalanadas calles y fachadas del casco hist\u00f3rico, transcurren carruajes y carros tirados por sobrias yuntas, fruto de una concienzuda tarea de recuperaci\u00f3n y rehabilitaci\u00f3n de esta imagen tan t\u00edpica de nuestra fiesta. Todos los carruajes y carretas deben cumplir ciertas normas est\u00e9ticas, as\u00ed como los romeros. De esta manera, en esta fiesta votiva se proh\u00edbe el trasiego de romeros mal ataviados, de se\u00f1oras vestidas de se\u00f1ores, de ni\u00f1os con su bigote pintado o de sombreros que luzcan propaganda, todo en aras de conservar fielmente la tradici\u00f3n hist\u00f3rica y cultural de esta fiesta.\t\t\t\t\t\t\t\t<\/div>\n\t\t\t\t<\/div>\n\t\t\t\t\t<\/div>\n\t\t<\/div>\n\t\t\t\t\t<\/div>\n\t\t<\/section>\n\t\t\t\t<section class=\"elementor-section elementor-top-section elementor-element elementor-element-3e94484 elementor-section-content-middle elementor-section-full_width elementor-reverse-mobile elementor-section-stretched elementor-section-height-default elementor-section-height-default\" data-id=\"3e94484\" data-element_type=\"section\" data-e-type=\"section\" data-settings=\"{&quot;background_background&quot;:&quot;none&quot;,&quot;stretch_section&quot;:&quot;section-stretched&quot;}\">\n\t\t\t\t\t\t<div class=\"elementor-container elementor-column-gap-no\">\n\t\t\t\t\t<div class=\"elementor-column elementor-col-50 elementor-top-column elementor-element elementor-element-5e6e15f\" data-id=\"5e6e15f\" data-element_type=\"column\" data-e-type=\"column\" data-settings=\"{&quot;background_background&quot;:&quot;classic&quot;}\">\n\t\t\t<div class=\"elementor-widget-wrap elementor-element-populated\">\n\t\t\t\t\t\t<div class=\"elementor-element elementor-element-41cfba6 animated-slow elementor-invisible elementor-widget elementor-widget-text-editor\" data-id=\"41cfba6\" data-element_type=\"widget\" data-e-type=\"widget\" data-settings=\"{&quot;_animation&quot;:&quot;fadeIn&quot;}\" data-widget_type=\"text-editor.default\">\n\t\t\t\t<div class=\"elementor-widget-container\">\n\t\t\t\t\t\t\t\t\t<p>Justo al pasar el \u00faltimo carruaje delante de la Virgen, se produce su retorno al interior del Santuario, acompa\u00f1ada por los mayordomos que agrupados entran simult\u00e1neamente, mientras que numerosos romeros loan a Nuestra Se\u00f1ora y se estremece el Templo con el estr\u00e9pito y fragor de los bucios y las caracolas. En ocasiones, por parte de los mayordomos, se recuerda a viva voz a alg\u00fan mayordomo o persona fuertemente vinculada a la Fiesta y que haya fallecido recientemente. Finaliza la Romer\u00eda y la Fiesta de las Mar\u00edas con une evento de gran tradici\u00f3n popular, bien sea una trilla, una luchada, una pelea de carneros, etc\u00e9tera.<\/p>\t\t\t\t\t\t\t\t<\/div>\n\t\t\t\t<\/div>\n\t\t\t\t\t<\/div>\n\t\t<\/div>\n\t\t\t\t<div class=\"elementor-column elementor-col-50 elementor-top-column elementor-element elementor-element-e991648 animated-slow elementor-invisible\" data-id=\"e991648\" data-element_type=\"column\" data-e-type=\"column\" data-settings=\"{&quot;background_background&quot;:&quot;classic&quot;,&quot;animation&quot;:&quot;slideInRight&quot;}\">\n\t\t\t<div class=\"elementor-widget-wrap elementor-element-populated\">\n\t\t\t\t\t<div class=\"elementor-background-overlay\"><\/div>\n\t\t\t\t\t\t<div class=\"elementor-element elementor-element-b1a39b3 elementor-widget elementor-widget-spacer\" data-id=\"b1a39b3\" data-element_type=\"widget\" data-e-type=\"widget\" data-widget_type=\"spacer.default\">\n\t\t\t\t<div class=\"elementor-widget-container\">\n\t\t\t\t\t\t\t<div class=\"elementor-spacer\">\n\t\t\t<div class=\"elementor-spacer-inner\"><\/div>\n\t\t<\/div>\n\t\t\t\t\t\t<\/div>\n\t\t\t\t<\/div>\n\t\t\t\t\t<\/div>\n\t\t<\/div>\n\t\t\t\t\t<\/div>\n\t\t<\/section>\n\t\t\t\t<\/div>\n\t\t","protected":false},"excerpt":{"rendered":"<p>Al finalizar la procesi\u00f3n por las calles, La Virgen es situada a la entrada del Templo Parroquial, comenzando as\u00ed la esperada Romer\u00eda de Las Mar\u00edas. De una fiesta votiva, de una promesa popular, surge entonces, una romer\u00eda singular y solemne. Y quien participe en la misma, bien como romero, bien como visitante, se fascinar\u00e1 al instante por la canariedad, el &#8230; <\/p>\n<p class=\"read-more-container\"><a title=\"La Romer\u00eda\" class=\"read-more button\" href=\"https:\/\/fiestadelasmarias.com\/guia\/la-romeria\/#more-95\" aria-label=\"Leer m\u00e1s sobre La Romer\u00eda\">LEER M\u00c1S<\/a><\/p>\n","protected":false},"author":1,"featured_media":0,"parent":0,"menu_order":0,"comment_status":"closed","ping_status":"closed","template":"","meta":{"generate_page_header":"","footnotes":""},"class_list":["post-95","page","type-page","status-publish"],"_links":{"self":[{"href":"https:\/\/fiestadelasmarias.com\/guia\/wp-json\/wp\/v2\/pages\/95","targetHints":{"allow":["GET"]}}],"collection":[{"href":"https:\/\/fiestadelasmarias.com\/guia\/wp-json\/wp\/v2\/pages"}],"about":[{"href":"https:\/\/fiestadelasmarias.com\/guia\/wp-json\/wp\/v2\/types\/page"}],"author":[{"embeddable":true,"href":"https:\/\/fiestadelasmarias.com\/guia\/wp-json\/wp\/v2\/users\/1"}],"replies":[{"embeddable":true,"href":"https:\/\/fiestadelasmarias.com\/guia\/wp-json\/wp\/v2\/comments?post=95"}],"version-history":[{"count":38,"href":"https:\/\/fiestadelasmarias.com\/guia\/wp-json\/wp\/v2\/pages\/95\/revisions"}],"predecessor-version":[{"id":609,"href":"https:\/\/fiestadelasmarias.com\/guia\/wp-json\/wp\/v2\/pages\/95\/revisions\/609"}],"wp:attachment":[{"href":"https:\/\/fiestadelasmarias.com\/guia\/wp-json\/wp\/v2\/media?parent=95"}],"curies":[{"name":"wp","href":"https:\/\/api.w.org\/{rel}","templated":true}]}}

La Romería

<div data-elementor-type="wp-post" data-elementor-id="95" class="elementor elementor-95 elementor-bc-flex-widget" data-elementor-post-type="page">
						<section class="elementor-section elementor-top-section elementor-element elementor-element-69048827 elementor-section-content-middle elementor-section-full_width elementor-reverse-mobile elementor-section-stretched elementor-section-height-default elementor-section-height-default" data-id="69048827" data-element_type="section" data-e-type="section" data-settings="{&quot;background_background&quot;:&quot;none&quot;,&quot;stretch_section&quot;:&quot;section-stretched&quot;}">
						<div class="elementor-container elementor-column-gap-no">
					<div class="elementor-column elementor-col-100 elementor-top-column elementor-element elementor-element-603bd16a" data-id="603bd16a" data-element_type="column" data-e-type="column" data-settings="{&quot;background_background&quot;:&quot;gradient&quot;}">
			<div class="elementor-widget-wrap elementor-element-populated">
						<div class="elementor-element elementor-element-921150a animated-slow elementor-invisible elementor-widget elementor-widget-image" data-id="921150a" data-element_type="widget" data-e-type="widget" data-settings="{&quot;_animation&quot;:&quot;fadeIn&quot;}" data-widget_type="image.default">
				<div class="elementor-widget-container">
															<img fetchpriority="high" decoding="async" width="1920" height="478" src="https://fiestadelasmarias.com/guia/wp-content/uploads/2018/06/cab_romeria.jpg" class="attachment-full size-full wp-image-211" alt="" srcset="https://fiestadelasmarias.com/guia/wp-content/uploads/2018/06/cab_romeria.jpg 1920w, https://fiestadelasmarias.com/guia/wp-content/uploads/2018/06/cab_romeria-300x75.jpg 300w, https://fiestadelasmarias.com/guia/wp-content/uploads/2018/06/cab_romeria-768x191.jpg 768w, https://fiestadelasmarias.com/guia/wp-content/uploads/2018/06/cab_romeria-1024x255.jpg 1024w" sizes="(max-width: 1920px) 100vw, 1920px" />															</div>
				</div>
					</div>
		</div>
					</div>
		</section>
				<section class="elementor-section elementor-top-section elementor-element elementor-element-a4aa0cb elementor-section-content-middle elementor-section-full_width elementor-reverse-mobile elementor-section-stretched elementor-section-height-default elementor-section-height-default" data-id="a4aa0cb" data-element_type="section" data-e-type="section" data-settings="{&quot;background_background&quot;:&quot;none&quot;,&quot;stretch_section&quot;:&quot;section-stretched&quot;}">
						<div class="elementor-container elementor-column-gap-no">
					<div class="elementor-column elementor-col-50 elementor-top-column elementor-element elementor-element-3cadc74" data-id="3cadc74" data-element_type="column" data-e-type="column" data-settings="{&quot;background_background&quot;:&quot;classic&quot;}">
			<div class="elementor-widget-wrap elementor-element-populated">
						<div class="elementor-element elementor-element-92ae46b animated-slow elementor-invisible elementor-widget elementor-widget-text-editor" data-id="92ae46b" data-element_type="widget" data-e-type="widget" data-settings="{&quot;_animation&quot;:&quot;fadeIn&quot;}" data-widget_type="text-editor.default">
				<div class="elementor-widget-container">
									<p>Al finalizar la procesión por las calles, La Virgen es situada a la entrada del Templo Parroquial, comenzando así la esperada Romería de Las Marías.</p><p>De una fiesta votiva, de una promesa popular, surge entonces, una romería singular y solemne. Y quien participe en la misma, bien como romero, bien como visitante, se fascinará al instante por la canariedad, el tipismo, el decoro y el respeto por las tradiciones que envuelven a este celebrado evento, donde de forma exclusiva se rinde pleitesía a la Virgen, sin corporaciones ni personalidades públicas que mengüen o desvíen esta histórica tradición popular.</p>								</div>
				</div>
					</div>
		</div>
				<div class="elementor-column elementor-col-50 elementor-top-column elementor-element elementor-element-9014bdd animated-slow elementor-invisible" data-id="9014bdd" data-element_type="column" data-e-type="column" data-settings="{&quot;background_background&quot;:&quot;classic&quot;,&quot;animation&quot;:&quot;slideInRight&quot;}">
			<div class="elementor-widget-wrap elementor-element-populated">
					<div class="elementor-background-overlay"></div>
						<div class="elementor-element elementor-element-668d61a elementor-widget elementor-widget-spacer" data-id="668d61a" data-element_type="widget" data-e-type="widget" data-widget_type="spacer.default">
				<div class="elementor-widget-container">
							<div class="elementor-spacer">
			<div class="elementor-spacer-inner"></div>
		</div>
						</div>
				</div>
					</div>
		</div>
					</div>
		</section>
				<section class="elementor-section elementor-top-section elementor-element elementor-element-37de0d58 elementor-section-content-middle elementor-section-full_width elementor-section-stretched elementor-section-height-default elementor-section-height-default" data-id="37de0d58" data-element_type="section" data-e-type="section" data-settings="{&quot;background_background&quot;:&quot;classic&quot;,&quot;stretch_section&quot;:&quot;section-stretched&quot;}">
						<div class="elementor-container elementor-column-gap-no">
					<div class="elementor-column elementor-col-50 elementor-top-column elementor-element elementor-element-5e0ef44 animated-slow elementor-invisible" data-id="5e0ef44" data-element_type="column" data-e-type="column" data-settings="{&quot;background_background&quot;:&quot;classic&quot;,&quot;animation&quot;:&quot;slideInLeft&quot;}">
			<div class="elementor-widget-wrap elementor-element-populated">
						<div class="elementor-element elementor-element-8d7f7e7 elementor-widget elementor-widget-spacer" data-id="8d7f7e7" data-element_type="widget" data-e-type="widget" data-widget_type="spacer.default">
				<div class="elementor-widget-container">
							<div class="elementor-spacer">
			<div class="elementor-spacer-inner"></div>
		</div>
						</div>
				</div>
					</div>
		</div>
				<div class="elementor-column elementor-col-50 elementor-top-column elementor-element elementor-element-27271de3" data-id="27271de3" data-element_type="column" data-e-type="column">
			<div class="elementor-widget-wrap elementor-element-populated">
						<div class="elementor-element elementor-element-0995b0d animated-slow elementor-invisible elementor-widget elementor-widget-text-editor" data-id="0995b0d" data-element_type="widget" data-e-type="widget" data-settings="{&quot;_animation&quot;:&quot;fadeIn&quot;}" data-widget_type="text-editor.default">
				<div class="elementor-widget-container">
									Por las aún engalanadas calles y fachadas del casco histórico, transcurren carruajes y carros tirados por sobrias yuntas, fruto de una concienzuda tarea de recuperación y rehabilitación de esta imagen tan típica de nuestra fiesta. Todos los carruajes y carretas deben cumplir ciertas normas estéticas, así como los romeros. De esta manera, en esta fiesta votiva se prohíbe el trasiego de romeros mal ataviados, de señoras vestidas de señores, de niños con su bigote pintado o de sombreros que luzcan propaganda, todo en aras de conservar fielmente la tradición histórica y cultural de esta fiesta.								</div>
				</div>
					</div>
		</div>
					</div>
		</section>
				<section class="elementor-section elementor-top-section elementor-element elementor-element-3e94484 elementor-section-content-middle elementor-section-full_width elementor-reverse-mobile elementor-section-stretched elementor-section-height-default elementor-section-height-default" data-id="3e94484" data-element_type="section" data-e-type="section" data-settings="{&quot;background_background&quot;:&quot;none&quot;,&quot;stretch_section&quot;:&quot;section-stretched&quot;}">
						<div class="elementor-container elementor-column-gap-no">
					<div class="elementor-column elementor-col-50 elementor-top-column elementor-element elementor-element-5e6e15f" data-id="5e6e15f" data-element_type="column" data-e-type="column" data-settings="{&quot;background_background&quot;:&quot;classic&quot;}">
			<div class="elementor-widget-wrap elementor-element-populated">
						<div class="elementor-element elementor-element-41cfba6 animated-slow elementor-invisible elementor-widget elementor-widget-text-editor" data-id="41cfba6" data-element_type="widget" data-e-type="widget" data-settings="{&quot;_animation&quot;:&quot;fadeIn&quot;}" data-widget_type="text-editor.default">
				<div class="elementor-widget-container">
									<p>Justo al pasar el último carruaje delante de la Virgen, se produce su retorno al interior del Santuario, acompañada por los mayordomos que agrupados entran simultáneamente, mientras que numerosos romeros loan a Nuestra Señora y se estremece el Templo con el estrépito y fragor de los bucios y las caracolas. En ocasiones, por parte de los mayordomos, se recuerda a viva voz a algún mayordomo o persona fuertemente vinculada a la Fiesta y que haya fallecido recientemente. Finaliza la Romería y la Fiesta de las Marías con une evento de gran tradición popular, bien sea una trilla, una luchada, una pelea de carneros, etcétera.</p>								</div>
				</div>
					</div>
		</div>
				<div class="elementor-column elementor-col-50 elementor-top-column elementor-element elementor-element-e991648 animated-slow elementor-invisible" data-id="e991648" data-element_type="column" data-e-type="column" data-settings="{&quot;background_background&quot;:&quot;classic&quot;,&quot;animation&quot;:&quot;slideInRight&quot;}">
			<div class="elementor-widget-wrap elementor-element-populated">
					<div class="elementor-background-overlay"></div>
						<div class="elementor-element elementor-element-b1a39b3 elementor-widget elementor-widget-spacer" data-id="b1a39b3" data-element_type="widget" data-e-type="widget" data-widget_type="spacer.default">
				<div class="elementor-widget-container">
							<div class="elementor-spacer">
			<div class="elementor-spacer-inner"></div>
		</div>
						</div>
				</div>
					</div>
		</div>
					</div>
		</section>
				</div>

<p>Al finalizar la procesión por las calles, La Virgen es situada a la entrada del Templo Parroquial, comenzando así la esperada Romería de Las Marías. De una fiesta votiva, de una promesa popular, surge entonces, una romería singular y solemne. Y quien participe en la misma, bien como romero, bien como visitante, se fascinará al instante por la canariedad, el &#8230; </p>
<p class="read-more-container"><a title="La Romería" class="read-more button" href="https://fiestadelasmarias.com/guia/la-romeria/#more-95" aria-label="Leer más sobre La Romería">LEER MÁS</a></p>
