{"id":71,"date":"2018-06-22T18:42:00","date_gmt":"2018-06-22T18:42:00","guid":{"rendered":"http:\/\/fiestadelasmarias.com\/guia\/?page_id=71"},"modified":"2024-12-26T20:42:06","modified_gmt":"2024-12-26T20:42:06","slug":"mayordomos","status":"publish","type":"page","link":"https:\/\/fiestadelasmarias.com\/guia\/mayordomos\/","title":{"rendered":"MAYORDOMOS"},"content":{"rendered":"\t\t<div data-elementor-type=\"wp-page\" data-elementor-id=\"71\" class=\"elementor elementor-71\" data-elementor-post-type=\"page\">\n\t\t\t\t\t\t<section class=\"elementor-section elementor-top-section elementor-element elementor-element-728b4331 elementor-section-content-middle elementor-section-full_width elementor-reverse-mobile elementor-section-stretched elementor-section-height-default elementor-section-height-default\" data-id=\"728b4331\" data-element_type=\"section\" data-e-type=\"section\" data-settings=\"{&quot;background_background&quot;:&quot;none&quot;,&quot;stretch_section&quot;:&quot;section-stretched&quot;}\">\n\t\t\t\t\t\t<div class=\"elementor-container elementor-column-gap-no\">\n\t\t\t\t\t<div class=\"elementor-column elementor-col-100 elementor-top-column elementor-element elementor-element-2cf43377\" data-id=\"2cf43377\" data-element_type=\"column\" data-e-type=\"column\" data-settings=\"{&quot;background_background&quot;:&quot;gradient&quot;}\">\n\t\t\t<div class=\"elementor-widget-wrap elementor-element-populated\">\n\t\t\t\t\t\t<div class=\"elementor-element elementor-element-45f6d3e2 elementor-widget elementor-widget-image\" data-id=\"45f6d3e2\" data-element_type=\"widget\" data-e-type=\"widget\" data-widget_type=\"image.default\">\n\t\t\t\t<div class=\"elementor-widget-container\">\n\t\t\t\t\t\t\t\t\t\t\t\t\t\t\t<img fetchpriority=\"high\" decoding=\"async\" width=\"1920\" height=\"478\" src=\"https:\/\/fiestadelasmarias.com\/guia\/wp-content\/uploads\/2018\/07\/cab_mayordomos.jpg\" class=\"attachment-full size-full wp-image-433\" alt=\"\" srcset=\"https:\/\/fiestadelasmarias.com\/guia\/wp-content\/uploads\/2018\/07\/cab_mayordomos.jpg 1920w, https:\/\/fiestadelasmarias.com\/guia\/wp-content\/uploads\/2018\/07\/cab_mayordomos-300x75.jpg 300w, https:\/\/fiestadelasmarias.com\/guia\/wp-content\/uploads\/2018\/07\/cab_mayordomos-768x191.jpg 768w, https:\/\/fiestadelasmarias.com\/guia\/wp-content\/uploads\/2018\/07\/cab_mayordomos-1024x255.jpg 1024w\" sizes=\"(max-width: 1920px) 100vw, 1920px\" \/>\t\t\t\t\t\t\t\t\t\t\t\t\t\t\t<\/div>\n\t\t\t\t<\/div>\n\t\t\t\t\t<\/div>\n\t\t<\/div>\n\t\t\t\t\t<\/div>\n\t\t<\/section>\n\t\t\t\t<section class=\"elementor-section elementor-top-section elementor-element elementor-element-504f711f elementor-section-content-middle elementor-section-full_width elementor-reverse-mobile elementor-section-stretched elementor-section-height-default elementor-section-height-default\" data-id=\"504f711f\" data-element_type=\"section\" data-e-type=\"section\" data-settings=\"{&quot;background_background&quot;:&quot;none&quot;,&quot;stretch_section&quot;:&quot;section-stretched&quot;}\">\n\t\t\t\t\t\t<div class=\"elementor-container elementor-column-gap-no\">\n\t\t\t\t\t<div class=\"elementor-column elementor-col-50 elementor-top-column elementor-element elementor-element-72f3ea1d\" data-id=\"72f3ea1d\" data-element_type=\"column\" data-e-type=\"column\" data-settings=\"{&quot;background_background&quot;:&quot;classic&quot;}\">\n\t\t\t<div class=\"elementor-widget-wrap elementor-element-populated\">\n\t\t\t\t\t\t<div class=\"elementor-element elementor-element-dda3add elementor-widget elementor-widget-text-editor\" data-id=\"dda3add\" data-element_type=\"widget\" data-e-type=\"widget\" data-widget_type=\"text-editor.default\">\n\t\t\t\t<div class=\"elementor-widget-container\">\n\t\t\t\t\t\t\t\t\t<p>La uni\u00f3n, el fervor y el agradecimiento ha sido una constante de los campesinos de la comarca, que desde entonces han venido cumpliendo fielmente, lo que se ha llamado el Voto de Vergara, por ser esta la Monta\u00f1a donde los campesinos hicieron dicha promesa.<\/p><p>Desde entonces se constituy\u00f3 una junta de organizadores que se denominan Mayordomos, que son los encargados de que anualmente se cumpla lo prometido a la Virgen Mar\u00eda, y que adem\u00e1s velan por que esta tradici\u00f3n se mantenga pura a sus or\u00edgenes.<\/p>\t\t\t\t\t\t\t\t<\/div>\n\t\t\t\t<\/div>\n\t\t\t\t\t<\/div>\n\t\t<\/div>\n\t\t\t\t<div class=\"elementor-column elementor-col-50 elementor-top-column elementor-element elementor-element-772b3202 elementor-invisible\" data-id=\"772b3202\" data-element_type=\"column\" data-e-type=\"column\" data-settings=\"{&quot;background_background&quot;:&quot;classic&quot;,&quot;animation&quot;:&quot;slideInRight&quot;}\">\n\t\t\t<div class=\"elementor-widget-wrap elementor-element-populated\">\n\t\t\t\t\t<div class=\"elementor-background-overlay\"><\/div>\n\t\t\t\t\t\t<div class=\"elementor-element elementor-element-5fb5424 elementor-widget elementor-widget-spacer\" data-id=\"5fb5424\" data-element_type=\"widget\" data-e-type=\"widget\" data-widget_type=\"spacer.default\">\n\t\t\t\t<div class=\"elementor-widget-container\">\n\t\t\t\t\t\t\t<div class=\"elementor-spacer\">\n\t\t\t<div class=\"elementor-spacer-inner\"><\/div>\n\t\t<\/div>\n\t\t\t\t\t\t<\/div>\n\t\t\t\t<\/div>\n\t\t\t\t\t<\/div>\n\t\t<\/div>\n\t\t\t\t\t<\/div>\n\t\t<\/section>\n\t\t\t\t<section class=\"elementor-section elementor-top-section elementor-element elementor-element-6de5606d elementor-section-content-middle elementor-section-full_width elementor-section-stretched elementor-section-height-default elementor-section-height-default\" data-id=\"6de5606d\" data-element_type=\"section\" data-e-type=\"section\" data-settings=\"{&quot;background_background&quot;:&quot;classic&quot;,&quot;stretch_section&quot;:&quot;section-stretched&quot;}\">\n\t\t\t\t\t\t<div class=\"elementor-container elementor-column-gap-no\">\n\t\t\t\t\t<div class=\"elementor-column elementor-col-50 elementor-top-column elementor-element elementor-element-4cc27e8b elementor-invisible\" data-id=\"4cc27e8b\" data-element_type=\"column\" data-e-type=\"column\" data-settings=\"{&quot;background_background&quot;:&quot;classic&quot;,&quot;animation&quot;:&quot;slideInLeft&quot;}\">\n\t\t\t<div class=\"elementor-widget-wrap elementor-element-populated\">\n\t\t\t\t\t\t<div class=\"elementor-element elementor-element-539dd819 elementor-widget elementor-widget-spacer\" data-id=\"539dd819\" data-element_type=\"widget\" data-e-type=\"widget\" data-widget_type=\"spacer.default\">\n\t\t\t\t<div class=\"elementor-widget-container\">\n\t\t\t\t\t\t\t<div class=\"elementor-spacer\">\n\t\t\t<div class=\"elementor-spacer-inner\"><\/div>\n\t\t<\/div>\n\t\t\t\t\t\t<\/div>\n\t\t\t\t<\/div>\n\t\t\t\t\t<\/div>\n\t\t<\/div>\n\t\t\t\t<div class=\"elementor-column elementor-col-50 elementor-top-column elementor-element elementor-element-3651412c\" data-id=\"3651412c\" data-element_type=\"column\" data-e-type=\"column\">\n\t\t\t<div class=\"elementor-widget-wrap elementor-element-populated\">\n\t\t\t\t\t\t<div class=\"elementor-element elementor-element-2d6965c1 elementor-widget elementor-widget-text-editor\" data-id=\"2d6965c1\" data-element_type=\"widget\" data-e-type=\"widget\" data-widget_type=\"text-editor.default\">\n\t\t\t\t<div class=\"elementor-widget-container\">\n\t\t\t\t\t\t\t\t\t<p>Los Mayordomos de la Fiesta de Las Mar\u00edas de Gu\u00eda, desarrollan su labor desinteresadamente, y en muchas ocasiones pasa dicho \u201ct\u00edtulo\u201d de generaci\u00f3n en generaci\u00f3n, teniendo como \u00fanica premisa el cumplimiento de la promesa y del respeto en todo momento a las tradiciones, y a la recuperaci\u00f3n del acervo hist\u00f3rico.<\/p><p>De esta manera en los \u00faltimos a\u00f1os han introducido elementos que le dan mayor identidad a la fiesta, como la recuperaci\u00f3n de carros de carga tirados por yuntas, exhibici\u00f3n de trilla de cereales, etc; pues en definitiva el origen de esta fiesta no es otro que el campo grancanario.<\/p>\t\t\t\t\t\t\t\t<\/div>\n\t\t\t\t<\/div>\n\t\t\t\t\t<\/div>\n\t\t<\/div>\n\t\t\t\t\t<\/div>\n\t\t<\/section>\n\t\t\t\t<\/div>\n\t\t","protected":false},"excerpt":{"rendered":"<p>La uni\u00f3n, el fervor y el agradecimiento ha sido una constante de los campesinos de la comarca, que desde entonces han venido cumpliendo fielmente, lo que se ha llamado el Voto de Vergara, por ser esta la Monta\u00f1a donde los campesinos hicieron dicha promesa. Desde entonces se constituy\u00f3 una junta de organizadores que se denominan Mayordomos, que son los encargados &#8230; <\/p>\n<p class=\"read-more-container\"><a title=\"MAYORDOMOS\" class=\"read-more button\" href=\"https:\/\/fiestadelasmarias.com\/guia\/mayordomos\/#more-71\" aria-label=\"Leer m\u00e1s sobre MAYORDOMOS\">LEER M\u00c1S<\/a><\/p>\n","protected":false},"author":1,"featured_media":0,"parent":0,"menu_order":0,"comment_status":"closed","ping_status":"closed","template":"","meta":{"generate_page_header":"","footnotes":""},"class_list":["post-71","page","type-page","status-publish"],"_links":{"self":[{"href":"https:\/\/fiestadelasmarias.com\/guia\/wp-json\/wp\/v2\/pages\/71","targetHints":{"allow":["GET"]}}],"collection":[{"href":"https:\/\/fiestadelasmarias.com\/guia\/wp-json\/wp\/v2\/pages"}],"about":[{"href":"https:\/\/fiestadelasmarias.com\/guia\/wp-json\/wp\/v2\/types\/page"}],"author":[{"embeddable":true,"href":"https:\/\/fiestadelasmarias.com\/guia\/wp-json\/wp\/v2\/users\/1"}],"replies":[{"embeddable":true,"href":"https:\/\/fiestadelasmarias.com\/guia\/wp-json\/wp\/v2\/comments?post=71"}],"version-history":[{"count":16,"href":"https:\/\/fiestadelasmarias.com\/guia\/wp-json\/wp\/v2\/pages\/71\/revisions"}],"predecessor-version":[{"id":844,"href":"https:\/\/fiestadelasmarias.com\/guia\/wp-json\/wp\/v2\/pages\/71\/revisions\/844"}],"wp:attachment":[{"href":"https:\/\/fiestadelasmarias.com\/guia\/wp-json\/wp\/v2\/media?parent=71"}],"curies":[{"name":"wp","href":"https:\/\/api.w.org\/{rel}","templated":true}]}}

<div data-elementor-type="wp-page" data-elementor-id="71" class="elementor elementor-71" data-elementor-post-type="page">
						<section class="elementor-section elementor-top-section elementor-element elementor-element-728b4331 elementor-section-content-middle elementor-section-full_width elementor-reverse-mobile elementor-section-stretched elementor-section-height-default elementor-section-height-default" data-id="728b4331" data-element_type="section" data-e-type="section" data-settings="{&quot;background_background&quot;:&quot;none&quot;,&quot;stretch_section&quot;:&quot;section-stretched&quot;}">
						<div class="elementor-container elementor-column-gap-no">
					<div class="elementor-column elementor-col-100 elementor-top-column elementor-element elementor-element-2cf43377" data-id="2cf43377" data-element_type="column" data-e-type="column" data-settings="{&quot;background_background&quot;:&quot;gradient&quot;}">
			<div class="elementor-widget-wrap elementor-element-populated">
						<div class="elementor-element elementor-element-45f6d3e2 elementor-widget elementor-widget-image" data-id="45f6d3e2" data-element_type="widget" data-e-type="widget" data-widget_type="image.default">
				<div class="elementor-widget-container">
															<img fetchpriority="high" decoding="async" width="1920" height="478" src="https://fiestadelasmarias.com/guia/wp-content/uploads/2018/07/cab_mayordomos.jpg" class="attachment-full size-full wp-image-433" alt="" srcset="https://fiestadelasmarias.com/guia/wp-content/uploads/2018/07/cab_mayordomos.jpg 1920w, https://fiestadelasmarias.com/guia/wp-content/uploads/2018/07/cab_mayordomos-300x75.jpg 300w, https://fiestadelasmarias.com/guia/wp-content/uploads/2018/07/cab_mayordomos-768x191.jpg 768w, https://fiestadelasmarias.com/guia/wp-content/uploads/2018/07/cab_mayordomos-1024x255.jpg 1024w" sizes="(max-width: 1920px) 100vw, 1920px" />															</div>
				</div>
					</div>
		</div>
					</div>
		</section>
				<section class="elementor-section elementor-top-section elementor-element elementor-element-504f711f elementor-section-content-middle elementor-section-full_width elementor-reverse-mobile elementor-section-stretched elementor-section-height-default elementor-section-height-default" data-id="504f711f" data-element_type="section" data-e-type="section" data-settings="{&quot;background_background&quot;:&quot;none&quot;,&quot;stretch_section&quot;:&quot;section-stretched&quot;}">
						<div class="elementor-container elementor-column-gap-no">
					<div class="elementor-column elementor-col-50 elementor-top-column elementor-element elementor-element-72f3ea1d" data-id="72f3ea1d" data-element_type="column" data-e-type="column" data-settings="{&quot;background_background&quot;:&quot;classic&quot;}">
			<div class="elementor-widget-wrap elementor-element-populated">
						<div class="elementor-element elementor-element-dda3add elementor-widget elementor-widget-text-editor" data-id="dda3add" data-element_type="widget" data-e-type="widget" data-widget_type="text-editor.default">
				<div class="elementor-widget-container">
									<p>La unión, el fervor y el agradecimiento ha sido una constante de los campesinos de la comarca, que desde entonces han venido cumpliendo fielmente, lo que se ha llamado el Voto de Vergara, por ser esta la Montaña donde los campesinos hicieron dicha promesa.</p><p>Desde entonces se constituyó una junta de organizadores que se denominan Mayordomos, que son los encargados de que anualmente se cumpla lo prometido a la Virgen María, y que además velan por que esta tradición se mantenga pura a sus orígenes.</p>								</div>
				</div>
					</div>
		</div>
				<div class="elementor-column elementor-col-50 elementor-top-column elementor-element elementor-element-772b3202 elementor-invisible" data-id="772b3202" data-element_type="column" data-e-type="column" data-settings="{&quot;background_background&quot;:&quot;classic&quot;,&quot;animation&quot;:&quot;slideInRight&quot;}">
			<div class="elementor-widget-wrap elementor-element-populated">
					<div class="elementor-background-overlay"></div>
						<div class="elementor-element elementor-element-5fb5424 elementor-widget elementor-widget-spacer" data-id="5fb5424" data-element_type="widget" data-e-type="widget" data-widget_type="spacer.default">
				<div class="elementor-widget-container">
							<div class="elementor-spacer">
			<div class="elementor-spacer-inner"></div>
		</div>
						</div>
				</div>
					</div>
		</div>
					</div>
		</section>
				<section class="elementor-section elementor-top-section elementor-element elementor-element-6de5606d elementor-section-content-middle elementor-section-full_width elementor-section-stretched elementor-section-height-default elementor-section-height-default" data-id="6de5606d" data-element_type="section" data-e-type="section" data-settings="{&quot;background_background&quot;:&quot;classic&quot;,&quot;stretch_section&quot;:&quot;section-stretched&quot;}">
						<div class="elementor-container elementor-column-gap-no">
					<div class="elementor-column elementor-col-50 elementor-top-column elementor-element elementor-element-4cc27e8b elementor-invisible" data-id="4cc27e8b" data-element_type="column" data-e-type="column" data-settings="{&quot;background_background&quot;:&quot;classic&quot;,&quot;animation&quot;:&quot;slideInLeft&quot;}">
			<div class="elementor-widget-wrap elementor-element-populated">
						<div class="elementor-element elementor-element-539dd819 elementor-widget elementor-widget-spacer" data-id="539dd819" data-element_type="widget" data-e-type="widget" data-widget_type="spacer.default">
				<div class="elementor-widget-container">
							<div class="elementor-spacer">
			<div class="elementor-spacer-inner"></div>
		</div>
						</div>
				</div>
					</div>
		</div>
				<div class="elementor-column elementor-col-50 elementor-top-column elementor-element elementor-element-3651412c" data-id="3651412c" data-element_type="column" data-e-type="column">
			<div class="elementor-widget-wrap elementor-element-populated">
						<div class="elementor-element elementor-element-2d6965c1 elementor-widget elementor-widget-text-editor" data-id="2d6965c1" data-element_type="widget" data-e-type="widget" data-widget_type="text-editor.default">
				<div class="elementor-widget-container">
									<p>Los Mayordomos de la Fiesta de Las Marías de Guía, desarrollan su labor desinteresadamente, y en muchas ocasiones pasa dicho “título” de generación en generación, teniendo como única premisa el cumplimiento de la promesa y del respeto en todo momento a las tradiciones, y a la recuperación del acervo histórico.</p><p>De esta manera en los últimos años han introducido elementos que le dan mayor identidad a la fiesta, como la recuperación de carros de carga tirados por yuntas, exhibición de trilla de cereales, etc; pues en definitiva el origen de esta fiesta no es otro que el campo grancanario.</p>								</div>
				</div>
					</div>
		</div>
					</div>
		</section>
				</div>

<p>La unión, el fervor y el agradecimiento ha sido una constante de los campesinos de la comarca, que desde entonces han venido cumpliendo fielmente, lo que se ha llamado el Voto de Vergara, por ser esta la Montaña donde los campesinos hicieron dicha promesa. Desde entonces se constituyó una junta de organizadores que se denominan Mayordomos, que son los encargados &#8230; </p>
<p class="read-more-container"><a title="MAYORDOMOS" class="read-more button" href="https://fiestadelasmarias.com/guia/mayordomos/#more-71" aria-label="Leer más sobre MAYORDOMOS">LEER MÁS</a></p>
