{"id":415,"date":"2018-07-19T11:04:58","date_gmt":"2018-07-19T11:04:58","guid":{"rendered":"http:\/\/fiestadelasmarias.com\/guia\/?page_id=415"},"modified":"2018-07-24T22:39:47","modified_gmt":"2018-07-24T22:39:47","slug":"la-procesion","status":"publish","type":"page","link":"https:\/\/fiestadelasmarias.com\/guia\/la-procesion\/","title":{"rendered":"La Procesi\u00f3n"},"content":{"rendered":"\t\t<div data-elementor-type=\"wp-page\" data-elementor-id=\"415\" class=\"elementor elementor-415 elementor-bc-flex-widget\" data-elementor-post-type=\"page\">\n\t\t\t\t\t\t<section class=\"elementor-section elementor-top-section elementor-element elementor-element-45b15f28 elementor-section-content-middle elementor-section-full_width elementor-reverse-mobile elementor-section-stretched elementor-section-height-default elementor-section-height-default\" data-id=\"45b15f28\" data-element_type=\"section\" data-e-type=\"section\" data-settings=\"{&quot;background_background&quot;:&quot;none&quot;,&quot;stretch_section&quot;:&quot;section-stretched&quot;}\">\n\t\t\t\t\t\t<div class=\"elementor-container elementor-column-gap-no\">\n\t\t\t\t\t<div class=\"elementor-column elementor-col-100 elementor-top-column elementor-element elementor-element-1ef34e9a\" data-id=\"1ef34e9a\" data-element_type=\"column\" data-e-type=\"column\" data-settings=\"{&quot;background_background&quot;:&quot;gradient&quot;}\">\n\t\t\t<div class=\"elementor-widget-wrap elementor-element-populated\">\n\t\t\t\t\t\t<div class=\"elementor-element elementor-element-20499074 elementor-invisible elementor-widget elementor-widget-image\" data-id=\"20499074\" data-element_type=\"widget\" data-e-type=\"widget\" data-settings=\"{&quot;_animation&quot;:&quot;fadeIn&quot;}\" data-widget_type=\"image.default\">\n\t\t\t\t<div class=\"elementor-widget-container\">\n\t\t\t\t\t\t\t\t\t\t\t\t\t\t\t<img fetchpriority=\"high\" decoding=\"async\" width=\"1920\" height=\"478\" src=\"https:\/\/fiestadelasmarias.com\/guia\/wp-content\/uploads\/2018\/07\/cab_procesion.jpg\" class=\"attachment-full size-full wp-image-417\" alt=\"\" srcset=\"https:\/\/fiestadelasmarias.com\/guia\/wp-content\/uploads\/2018\/07\/cab_procesion.jpg 1920w, https:\/\/fiestadelasmarias.com\/guia\/wp-content\/uploads\/2018\/07\/cab_procesion-300x75.jpg 300w, https:\/\/fiestadelasmarias.com\/guia\/wp-content\/uploads\/2018\/07\/cab_procesion-768x191.jpg 768w, https:\/\/fiestadelasmarias.com\/guia\/wp-content\/uploads\/2018\/07\/cab_procesion-1024x255.jpg 1024w\" sizes=\"(max-width: 1920px) 100vw, 1920px\" \/>\t\t\t\t\t\t\t\t\t\t\t\t\t\t\t<\/div>\n\t\t\t\t<\/div>\n\t\t\t\t\t<\/div>\n\t\t<\/div>\n\t\t\t\t\t<\/div>\n\t\t<\/section>\n\t\t\t\t<section class=\"elementor-section elementor-top-section elementor-element elementor-element-2875d31c elementor-section-content-middle elementor-section-full_width elementor-reverse-mobile elementor-section-stretched elementor-section-height-default elementor-section-height-default\" data-id=\"2875d31c\" data-element_type=\"section\" data-e-type=\"section\" data-settings=\"{&quot;background_background&quot;:&quot;none&quot;,&quot;stretch_section&quot;:&quot;section-stretched&quot;}\">\n\t\t\t\t\t\t<div class=\"elementor-container elementor-column-gap-no\">\n\t\t\t\t\t<div class=\"elementor-column elementor-col-50 elementor-top-column elementor-element elementor-element-2bf0a48f\" data-id=\"2bf0a48f\" data-element_type=\"column\" data-e-type=\"column\" data-settings=\"{&quot;background_background&quot;:&quot;classic&quot;}\">\n\t\t\t<div class=\"elementor-widget-wrap elementor-element-populated\">\n\t\t\t\t\t\t<div class=\"elementor-element elementor-element-3766795a animated-slow elementor-invisible elementor-widget elementor-widget-text-editor\" data-id=\"3766795a\" data-element_type=\"widget\" data-e-type=\"widget\" data-settings=\"{&quot;_animation&quot;:&quot;fadeIn&quot;}\" data-widget_type=\"text-editor.default\">\n\t\t\t\t<div class=\"elementor-widget-container\">\n\t\t\t\t\t\t\t\t\tJusto al mediod\u00eda, cuando la campana donada por el celeb\u00e9rrimo Can\u00f3nigo Gordillo repica para dar las doce en punto, tras la funci\u00f3n religiosa, comienza la procesi\u00f3n de la Virgen de Gu\u00eda por lascalles hist\u00f3ricas de su ciudad.\n\nEste evento religioso est\u00e1 cargado de una alta emotividad, pues acompa\u00f1an a la Virgen en su recorrido muchas personas con solemne promesa, manifiesta en su silencio, emotivo agradecimiento u oraci\u00f3n.\t\t\t\t\t\t\t\t<\/div>\n\t\t\t\t<\/div>\n\t\t\t\t\t<\/div>\n\t\t<\/div>\n\t\t\t\t<div class=\"elementor-column elementor-col-50 elementor-top-column elementor-element elementor-element-64994faf animated-slow elementor-invisible\" data-id=\"64994faf\" data-element_type=\"column\" data-e-type=\"column\" data-settings=\"{&quot;background_background&quot;:&quot;classic&quot;,&quot;animation&quot;:&quot;slideInRight&quot;,&quot;animation_delay&quot;:0}\">\n\t\t\t<div class=\"elementor-widget-wrap elementor-element-populated\">\n\t\t\t\t\t<div class=\"elementor-background-overlay\"><\/div>\n\t\t\t\t\t\t<div class=\"elementor-element elementor-element-7cadc1d6 elementor-widget elementor-widget-spacer\" data-id=\"7cadc1d6\" data-element_type=\"widget\" data-e-type=\"widget\" data-widget_type=\"spacer.default\">\n\t\t\t\t<div class=\"elementor-widget-container\">\n\t\t\t\t\t\t\t<div class=\"elementor-spacer\">\n\t\t\t<div class=\"elementor-spacer-inner\"><\/div>\n\t\t<\/div>\n\t\t\t\t\t\t<\/div>\n\t\t\t\t<\/div>\n\t\t\t\t\t<\/div>\n\t\t<\/div>\n\t\t\t\t\t<\/div>\n\t\t<\/section>\n\t\t\t\t<section class=\"elementor-section elementor-top-section elementor-element elementor-element-490264c3 elementor-section-content-middle elementor-section-full_width elementor-section-stretched elementor-section-height-default elementor-section-height-default\" data-id=\"490264c3\" data-element_type=\"section\" data-e-type=\"section\" data-settings=\"{&quot;background_background&quot;:&quot;classic&quot;,&quot;stretch_section&quot;:&quot;section-stretched&quot;}\">\n\t\t\t\t\t\t<div class=\"elementor-container elementor-column-gap-no\">\n\t\t\t\t\t<div class=\"elementor-column elementor-col-50 elementor-top-column elementor-element elementor-element-a1ddcb5 animated-slow elementor-invisible\" data-id=\"a1ddcb5\" data-element_type=\"column\" data-e-type=\"column\" data-settings=\"{&quot;background_background&quot;:&quot;classic&quot;,&quot;animation&quot;:&quot;slideInLeft&quot;}\">\n\t\t\t<div class=\"elementor-widget-wrap elementor-element-populated\">\n\t\t\t\t\t\t<div class=\"elementor-element elementor-element-1aa10013 elementor-widget elementor-widget-spacer\" data-id=\"1aa10013\" data-element_type=\"widget\" data-e-type=\"widget\" data-widget_type=\"spacer.default\">\n\t\t\t\t<div class=\"elementor-widget-container\">\n\t\t\t\t\t\t\t<div class=\"elementor-spacer\">\n\t\t\t<div class=\"elementor-spacer-inner\"><\/div>\n\t\t<\/div>\n\t\t\t\t\t\t<\/div>\n\t\t\t\t<\/div>\n\t\t\t\t\t<\/div>\n\t\t<\/div>\n\t\t\t\t<div class=\"elementor-column elementor-col-50 elementor-top-column elementor-element elementor-element-2cb6755f\" data-id=\"2cb6755f\" data-element_type=\"column\" data-e-type=\"column\">\n\t\t\t<div class=\"elementor-widget-wrap elementor-element-populated\">\n\t\t\t\t\t\t<div class=\"elementor-element elementor-element-5be648b1 animated-slow elementor-invisible elementor-widget elementor-widget-text-editor\" data-id=\"5be648b1\" data-element_type=\"widget\" data-e-type=\"widget\" data-settings=\"{&quot;_animation&quot;:&quot;fadeIn&quot;}\" data-widget_type=\"text-editor.default\">\n\t\t\t\t<div class=\"elementor-widget-container\">\n\t\t\t\t\t\t\t\t\tDesde su inicio hasta su finalizaci\u00f3n, la solemne procesi\u00f3n va acompa\u00f1ada de lo s romeros, por el emotivo estruendo de las caracolas y bucios, por el r\u00edtmico comp\u00e1s que introducen tambores y cajas de guerra, as\u00ed como por hermosos ramos de pino, eucalipto, casta\u00f1o o laurel adornados con productos de nuestro terrazgo, frutos del trabajo y af\u00e1n que muestran los romeros.\t\t\t\t\t\t\t\t<\/div>\n\t\t\t\t<\/div>\n\t\t\t\t\t<\/div>\n\t\t<\/div>\n\t\t\t\t\t<\/div>\n\t\t<\/section>\n\t\t\t\t<section class=\"elementor-section elementor-top-section elementor-element elementor-element-784a5137 elementor-section-content-middle elementor-section-full_width elementor-reverse-mobile elementor-section-stretched elementor-section-height-default elementor-section-height-default\" data-id=\"784a5137\" data-element_type=\"section\" data-e-type=\"section\" data-settings=\"{&quot;background_background&quot;:&quot;none&quot;,&quot;stretch_section&quot;:&quot;section-stretched&quot;}\">\n\t\t\t\t\t\t<div class=\"elementor-container elementor-column-gap-no\">\n\t\t\t\t\t<div class=\"elementor-column elementor-col-50 elementor-top-column elementor-element elementor-element-16874fb7\" data-id=\"16874fb7\" data-element_type=\"column\" data-e-type=\"column\" data-settings=\"{&quot;background_background&quot;:&quot;classic&quot;}\">\n\t\t\t<div class=\"elementor-widget-wrap elementor-element-populated\">\n\t\t\t\t\t\t<div class=\"elementor-element elementor-element-dd59b7a animated-slow elementor-invisible elementor-widget elementor-widget-text-editor\" data-id=\"dd59b7a\" data-element_type=\"widget\" data-e-type=\"widget\" data-settings=\"{&quot;_animation&quot;:&quot;fadeIn&quot;}\" data-widget_type=\"text-editor.default\">\n\t\t\t\t<div class=\"elementor-widget-container\">\n\t\t\t\t\t\t\t\t\t<p>Espectacular es la imagen que presenta Nuestra Se\u00f1ora as\u00ed como el frontispicio de la Iglesia y de las fachadas de las viviendas en las calles por donde transcurre la procesi\u00f3n.<\/p><p>Engalanada con su manto verde y grandiosa orfebrer\u00eda, entre las que brillan las cigarras de oro que luce tanto ella como el ni\u00f1o, confeccionadas por plateros de Gu\u00eda, destaca la Virgen de Gu\u00eda en sus andas de baldaquino, con atributos marianos, con el sol de r\u00e1fagas y la media luna, todas en plata.<\/p>\t\t\t\t\t\t\t\t<\/div>\n\t\t\t\t<\/div>\n\t\t\t\t\t<\/div>\n\t\t<\/div>\n\t\t\t\t<div class=\"elementor-column elementor-col-50 elementor-top-column elementor-element elementor-element-7e9bfb1e animated-slow elementor-invisible\" data-id=\"7e9bfb1e\" data-element_type=\"column\" data-e-type=\"column\" data-settings=\"{&quot;background_background&quot;:&quot;classic&quot;,&quot;animation&quot;:&quot;slideInRight&quot;}\">\n\t\t\t<div class=\"elementor-widget-wrap elementor-element-populated\">\n\t\t\t\t\t<div class=\"elementor-background-overlay\"><\/div>\n\t\t\t\t\t\t<div class=\"elementor-element elementor-element-199203eb elementor-widget elementor-widget-spacer\" data-id=\"199203eb\" data-element_type=\"widget\" data-e-type=\"widget\" data-widget_type=\"spacer.default\">\n\t\t\t\t<div class=\"elementor-widget-container\">\n\t\t\t\t\t\t\t<div class=\"elementor-spacer\">\n\t\t\t<div class=\"elementor-spacer-inner\"><\/div>\n\t\t<\/div>\n\t\t\t\t\t\t<\/div>\n\t\t\t\t<\/div>\n\t\t\t\t\t<\/div>\n\t\t<\/div>\n\t\t\t\t\t<\/div>\n\t\t<\/section>\n\t\t\t\t<\/div>\n\t\t","protected":false},"excerpt":{"rendered":"<p>Justo al mediod\u00eda, cuando la campana donada por el celeb\u00e9rrimo Can\u00f3nigo Gordillo repica para dar las doce en punto, tras la funci\u00f3n religiosa, comienza la procesi\u00f3n de la Virgen de Gu\u00eda por lascalles hist\u00f3ricas de su ciudad. Este evento religioso est\u00e1 cargado de una alta emotividad, pues acompa\u00f1an a la Virgen en su recorrido muchas personas con solemne promesa, manifiesta &#8230; <\/p>\n<p class=\"read-more-container\"><a title=\"La Procesi\u00f3n\" class=\"read-more button\" href=\"https:\/\/fiestadelasmarias.com\/guia\/la-procesion\/#more-415\" aria-label=\"Leer m\u00e1s sobre La Procesi\u00f3n\">LEER M\u00c1S<\/a><\/p>\n","protected":false},"author":1,"featured_media":0,"parent":0,"menu_order":0,"comment_status":"closed","ping_status":"closed","template":"","meta":{"generate_page_header":"","footnotes":""},"class_list":["post-415","page","type-page","status-publish"],"_links":{"self":[{"href":"https:\/\/fiestadelasmarias.com\/guia\/wp-json\/wp\/v2\/pages\/415","targetHints":{"allow":["GET"]}}],"collection":[{"href":"https:\/\/fiestadelasmarias.com\/guia\/wp-json\/wp\/v2\/pages"}],"about":[{"href":"https:\/\/fiestadelasmarias.com\/guia\/wp-json\/wp\/v2\/types\/page"}],"author":[{"embeddable":true,"href":"https:\/\/fiestadelasmarias.com\/guia\/wp-json\/wp\/v2\/users\/1"}],"replies":[{"embeddable":true,"href":"https:\/\/fiestadelasmarias.com\/guia\/wp-json\/wp\/v2\/comments?post=415"}],"version-history":[{"count":16,"href":"https:\/\/fiestadelasmarias.com\/guia\/wp-json\/wp\/v2\/pages\/415\/revisions"}],"predecessor-version":[{"id":605,"href":"https:\/\/fiestadelasmarias.com\/guia\/wp-json\/wp\/v2\/pages\/415\/revisions\/605"}],"wp:attachment":[{"href":"https:\/\/fiestadelasmarias.com\/guia\/wp-json\/wp\/v2\/media?parent=415"}],"curies":[{"name":"wp","href":"https:\/\/api.w.org\/{rel}","templated":true}]}}

La Procesión

<div data-elementor-type="wp-page" data-elementor-id="415" class="elementor elementor-415 elementor-bc-flex-widget" data-elementor-post-type="page">
						<section class="elementor-section elementor-top-section elementor-element elementor-element-45b15f28 elementor-section-content-middle elementor-section-full_width elementor-reverse-mobile elementor-section-stretched elementor-section-height-default elementor-section-height-default" data-id="45b15f28" data-element_type="section" data-e-type="section" data-settings="{&quot;background_background&quot;:&quot;none&quot;,&quot;stretch_section&quot;:&quot;section-stretched&quot;}">
						<div class="elementor-container elementor-column-gap-no">
					<div class="elementor-column elementor-col-100 elementor-top-column elementor-element elementor-element-1ef34e9a" data-id="1ef34e9a" data-element_type="column" data-e-type="column" data-settings="{&quot;background_background&quot;:&quot;gradient&quot;}">
			<div class="elementor-widget-wrap elementor-element-populated">
						<div class="elementor-element elementor-element-20499074 elementor-invisible elementor-widget elementor-widget-image" data-id="20499074" data-element_type="widget" data-e-type="widget" data-settings="{&quot;_animation&quot;:&quot;fadeIn&quot;}" data-widget_type="image.default">
				<div class="elementor-widget-container">
															<img fetchpriority="high" decoding="async" width="1920" height="478" src="https://fiestadelasmarias.com/guia/wp-content/uploads/2018/07/cab_procesion.jpg" class="attachment-full size-full wp-image-417" alt="" srcset="https://fiestadelasmarias.com/guia/wp-content/uploads/2018/07/cab_procesion.jpg 1920w, https://fiestadelasmarias.com/guia/wp-content/uploads/2018/07/cab_procesion-300x75.jpg 300w, https://fiestadelasmarias.com/guia/wp-content/uploads/2018/07/cab_procesion-768x191.jpg 768w, https://fiestadelasmarias.com/guia/wp-content/uploads/2018/07/cab_procesion-1024x255.jpg 1024w" sizes="(max-width: 1920px) 100vw, 1920px" />															</div>
				</div>
					</div>
		</div>
					</div>
		</section>
				<section class="elementor-section elementor-top-section elementor-element elementor-element-2875d31c elementor-section-content-middle elementor-section-full_width elementor-reverse-mobile elementor-section-stretched elementor-section-height-default elementor-section-height-default" data-id="2875d31c" data-element_type="section" data-e-type="section" data-settings="{&quot;background_background&quot;:&quot;none&quot;,&quot;stretch_section&quot;:&quot;section-stretched&quot;}">
						<div class="elementor-container elementor-column-gap-no">
					<div class="elementor-column elementor-col-50 elementor-top-column elementor-element elementor-element-2bf0a48f" data-id="2bf0a48f" data-element_type="column" data-e-type="column" data-settings="{&quot;background_background&quot;:&quot;classic&quot;}">
			<div class="elementor-widget-wrap elementor-element-populated">
						<div class="elementor-element elementor-element-3766795a animated-slow elementor-invisible elementor-widget elementor-widget-text-editor" data-id="3766795a" data-element_type="widget" data-e-type="widget" data-settings="{&quot;_animation&quot;:&quot;fadeIn&quot;}" data-widget_type="text-editor.default">
				<div class="elementor-widget-container">
									Justo al mediodía, cuando la campana donada por el celebérrimo Canónigo Gordillo repica para dar las doce en punto, tras la función religiosa, comienza la procesión de la Virgen de Guía por lascalles históricas de su ciudad.

Este evento religioso está cargado de una alta emotividad, pues acompañan a la Virgen en su recorrido muchas personas con solemne promesa, manifiesta en su silencio, emotivo agradecimiento u oración.								</div>
				</div>
					</div>
		</div>
				<div class="elementor-column elementor-col-50 elementor-top-column elementor-element elementor-element-64994faf animated-slow elementor-invisible" data-id="64994faf" data-element_type="column" data-e-type="column" data-settings="{&quot;background_background&quot;:&quot;classic&quot;,&quot;animation&quot;:&quot;slideInRight&quot;,&quot;animation_delay&quot;:0}">
			<div class="elementor-widget-wrap elementor-element-populated">
					<div class="elementor-background-overlay"></div>
						<div class="elementor-element elementor-element-7cadc1d6 elementor-widget elementor-widget-spacer" data-id="7cadc1d6" data-element_type="widget" data-e-type="widget" data-widget_type="spacer.default">
				<div class="elementor-widget-container">
							<div class="elementor-spacer">
			<div class="elementor-spacer-inner"></div>
		</div>
						</div>
				</div>
					</div>
		</div>
					</div>
		</section>
				<section class="elementor-section elementor-top-section elementor-element elementor-element-490264c3 elementor-section-content-middle elementor-section-full_width elementor-section-stretched elementor-section-height-default elementor-section-height-default" data-id="490264c3" data-element_type="section" data-e-type="section" data-settings="{&quot;background_background&quot;:&quot;classic&quot;,&quot;stretch_section&quot;:&quot;section-stretched&quot;}">
						<div class="elementor-container elementor-column-gap-no">
					<div class="elementor-column elementor-col-50 elementor-top-column elementor-element elementor-element-a1ddcb5 animated-slow elementor-invisible" data-id="a1ddcb5" data-element_type="column" data-e-type="column" data-settings="{&quot;background_background&quot;:&quot;classic&quot;,&quot;animation&quot;:&quot;slideInLeft&quot;}">
			<div class="elementor-widget-wrap elementor-element-populated">
						<div class="elementor-element elementor-element-1aa10013 elementor-widget elementor-widget-spacer" data-id="1aa10013" data-element_type="widget" data-e-type="widget" data-widget_type="spacer.default">
				<div class="elementor-widget-container">
							<div class="elementor-spacer">
			<div class="elementor-spacer-inner"></div>
		</div>
						</div>
				</div>
					</div>
		</div>
				<div class="elementor-column elementor-col-50 elementor-top-column elementor-element elementor-element-2cb6755f" data-id="2cb6755f" data-element_type="column" data-e-type="column">
			<div class="elementor-widget-wrap elementor-element-populated">
						<div class="elementor-element elementor-element-5be648b1 animated-slow elementor-invisible elementor-widget elementor-widget-text-editor" data-id="5be648b1" data-element_type="widget" data-e-type="widget" data-settings="{&quot;_animation&quot;:&quot;fadeIn&quot;}" data-widget_type="text-editor.default">
				<div class="elementor-widget-container">
									Desde su inicio hasta su finalización, la solemne procesión va acompañada de lo s romeros, por el emotivo estruendo de las caracolas y bucios, por el rítmico compás que introducen tambores y cajas de guerra, así como por hermosos ramos de pino, eucalipto, castaño o laurel adornados con productos de nuestro terrazgo, frutos del trabajo y afán que muestran los romeros.								</div>
				</div>
					</div>
		</div>
					</div>
		</section>
				<section class="elementor-section elementor-top-section elementor-element elementor-element-784a5137 elementor-section-content-middle elementor-section-full_width elementor-reverse-mobile elementor-section-stretched elementor-section-height-default elementor-section-height-default" data-id="784a5137" data-element_type="section" data-e-type="section" data-settings="{&quot;background_background&quot;:&quot;none&quot;,&quot;stretch_section&quot;:&quot;section-stretched&quot;}">
						<div class="elementor-container elementor-column-gap-no">
					<div class="elementor-column elementor-col-50 elementor-top-column elementor-element elementor-element-16874fb7" data-id="16874fb7" data-element_type="column" data-e-type="column" data-settings="{&quot;background_background&quot;:&quot;classic&quot;}">
			<div class="elementor-widget-wrap elementor-element-populated">
						<div class="elementor-element elementor-element-dd59b7a animated-slow elementor-invisible elementor-widget elementor-widget-text-editor" data-id="dd59b7a" data-element_type="widget" data-e-type="widget" data-settings="{&quot;_animation&quot;:&quot;fadeIn&quot;}" data-widget_type="text-editor.default">
				<div class="elementor-widget-container">
									<p>Espectacular es la imagen que presenta Nuestra Señora así como el frontispicio de la Iglesia y de las fachadas de las viviendas en las calles por donde transcurre la procesión.</p><p>Engalanada con su manto verde y grandiosa orfebrería, entre las que brillan las cigarras de oro que luce tanto ella como el niño, confeccionadas por plateros de Guía, destaca la Virgen de Guía en sus andas de baldaquino, con atributos marianos, con el sol de ráfagas y la media luna, todas en plata.</p>								</div>
				</div>
					</div>
		</div>
				<div class="elementor-column elementor-col-50 elementor-top-column elementor-element elementor-element-7e9bfb1e animated-slow elementor-invisible" data-id="7e9bfb1e" data-element_type="column" data-e-type="column" data-settings="{&quot;background_background&quot;:&quot;classic&quot;,&quot;animation&quot;:&quot;slideInRight&quot;}">
			<div class="elementor-widget-wrap elementor-element-populated">
					<div class="elementor-background-overlay"></div>
						<div class="elementor-element elementor-element-199203eb elementor-widget elementor-widget-spacer" data-id="199203eb" data-element_type="widget" data-e-type="widget" data-widget_type="spacer.default">
				<div class="elementor-widget-container">
							<div class="elementor-spacer">
			<div class="elementor-spacer-inner"></div>
		</div>
						</div>
				</div>
					</div>
		</div>
					</div>
		</section>
				</div>

<p>Justo al mediodía, cuando la campana donada por el celebérrimo Canónigo Gordillo repica para dar las doce en punto, tras la función religiosa, comienza la procesión de la Virgen de Guía por lascalles históricas de su ciudad. Este evento religioso está cargado de una alta emotividad, pues acompañan a la Virgen en su recorrido muchas personas con solemne promesa, manifiesta &#8230; </p>
<p class="read-more-container"><a title="La Procesión" class="read-more button" href="https://fiestadelasmarias.com/guia/la-procesion/#more-415" aria-label="Leer más sobre La Procesión">LEER MÁS</a></p>
