{"id":391,"date":"2018-07-19T10:38:15","date_gmt":"2018-07-19T10:38:15","guid":{"rendered":"http:\/\/fiestadelasmarias.com\/guia\/?page_id=391"},"modified":"2025-08-24T19:28:20","modified_gmt":"2025-08-24T19:28:20","slug":"historia","status":"publish","type":"page","link":"https:\/\/fiestadelasmarias.com\/guia\/historia\/","title":{"rendered":"Historia"},"content":{"rendered":"\t\t<div data-elementor-type=\"wp-page\" data-elementor-id=\"391\" class=\"elementor elementor-391\" data-elementor-post-type=\"page\">\n\t\t\t\t\t\t<section class=\"elementor-section elementor-top-section elementor-element elementor-element-7c2fce6f elementor-section-content-middle elementor-section-full_width elementor-reverse-mobile elementor-section-stretched elementor-section-height-default elementor-section-height-default\" data-id=\"7c2fce6f\" data-element_type=\"section\" data-e-type=\"section\" data-settings=\"{&quot;background_background&quot;:&quot;none&quot;,&quot;stretch_section&quot;:&quot;section-stretched&quot;}\">\n\t\t\t\t\t\t<div class=\"elementor-container elementor-column-gap-no\">\n\t\t\t\t\t<div class=\"elementor-column elementor-col-100 elementor-top-column elementor-element elementor-element-64e0c043\" data-id=\"64e0c043\" data-element_type=\"column\" data-e-type=\"column\" data-settings=\"{&quot;background_background&quot;:&quot;gradient&quot;}\">\n\t\t\t<div class=\"elementor-widget-wrap elementor-element-populated\">\n\t\t\t\t\t\t<div class=\"elementor-element elementor-element-551434d animated-slow elementor-invisible elementor-widget elementor-widget-image\" data-id=\"551434d\" data-element_type=\"widget\" data-e-type=\"widget\" data-settings=\"{&quot;_animation&quot;:&quot;fadeIn&quot;}\" data-widget_type=\"image.default\">\n\t\t\t\t<div class=\"elementor-widget-container\">\n\t\t\t\t\t\t\t\t\t\t\t\t\t\t\t<img fetchpriority=\"high\" decoding=\"async\" width=\"1920\" height=\"478\" src=\"https:\/\/fiestadelasmarias.com\/guia\/wp-content\/uploads\/2018\/07\/cab_historia.jpg\" class=\"attachment-full size-full wp-image-394\" alt=\"\" srcset=\"https:\/\/fiestadelasmarias.com\/guia\/wp-content\/uploads\/2018\/07\/cab_historia.jpg 1920w, https:\/\/fiestadelasmarias.com\/guia\/wp-content\/uploads\/2018\/07\/cab_historia-300x75.jpg 300w, https:\/\/fiestadelasmarias.com\/guia\/wp-content\/uploads\/2018\/07\/cab_historia-768x191.jpg 768w, https:\/\/fiestadelasmarias.com\/guia\/wp-content\/uploads\/2018\/07\/cab_historia-1024x255.jpg 1024w\" sizes=\"(max-width: 1920px) 100vw, 1920px\" \/>\t\t\t\t\t\t\t\t\t\t\t\t\t\t\t<\/div>\n\t\t\t\t<\/div>\n\t\t\t\t\t<\/div>\n\t\t<\/div>\n\t\t\t\t\t<\/div>\n\t\t<\/section>\n\t\t\t\t<section class=\"elementor-section elementor-top-section elementor-element elementor-element-33216aec elementor-section-content-middle elementor-section-full_width elementor-reverse-mobile elementor-section-stretched elementor-section-height-default elementor-section-height-default\" data-id=\"33216aec\" data-element_type=\"section\" data-e-type=\"section\" data-settings=\"{&quot;background_background&quot;:&quot;none&quot;,&quot;stretch_section&quot;:&quot;section-stretched&quot;}\">\n\t\t\t\t\t\t<div class=\"elementor-container elementor-column-gap-no\">\n\t\t\t\t\t<div class=\"elementor-column elementor-col-50 elementor-top-column elementor-element elementor-element-704bf72f\" data-id=\"704bf72f\" data-element_type=\"column\" data-e-type=\"column\" data-settings=\"{&quot;background_background&quot;:&quot;classic&quot;}\">\n\t\t\t<div class=\"elementor-widget-wrap elementor-element-populated\">\n\t\t\t\t\t\t<div class=\"elementor-element elementor-element-f8be694 animated-slow elementor-invisible elementor-widget elementor-widget-text-editor\" data-id=\"f8be694\" data-element_type=\"widget\" data-e-type=\"widget\" data-settings=\"{&quot;_animation&quot;:&quot;fadeIn&quot;}\" data-widget_type=\"text-editor.default\">\n\t\t\t\t<div class=\"elementor-widget-container\">\n\t\t\t\t\t\t\t\t\t<p>Hace ya 214 a\u00f1os, pues sucedi\u00f3 en el a\u00f1o 1811, los vecinos de los Altos, del Barranco del Pinar, de Piedra de Molino, de Junquillo y Verdejo, Palmitales, Calabozo y Paso, Caideros de San Jos\u00e9, Saucillo y Lucena, ofrecieron esta fiesta votiva a la Virgen de Santa Mar\u00eda de Gu\u00eda, en franco agradecimiento al milagro patente por haber salvado sus tierras y cosechas del azote de la cigarra que habr\u00eda de hundirlos en la miseria y en la m\u00e1s negra desesperaci\u00f3n. Este voto se hizo en la Monta\u00f1a de Vergara, de rodillas, llorando ante el desastre inminente. Todos se postraron a la vista de las torres del Santuario de la Virgen, con los ojos clavados en una esperanza que s\u00f3lo la Fe les hac\u00eda tangible. Y la Virgen les oy\u00f3. De all\u00ed a pocos instantes, vieron unas nubes que sub\u00edan barranco arriba desde el mar y que al llegar sobre las tierras que gem\u00edan bajo el castigo de la plaga, descarg\u00f3 en lluvia torrencial arrasando en pocos momentos la cigarra y alejando en forma tan milagrosa la devastaci\u00f3n y la ruina que se cern\u00eda sobre sus heredades y sobre toda aquella comarca.<\/p>\t\t\t\t\t\t\t\t<\/div>\n\t\t\t\t<\/div>\n\t\t\t\t\t<\/div>\n\t\t<\/div>\n\t\t\t\t<div class=\"elementor-column elementor-col-50 elementor-top-column elementor-element elementor-element-e7dcd81 animated-slow elementor-invisible\" data-id=\"e7dcd81\" data-element_type=\"column\" data-e-type=\"column\" data-settings=\"{&quot;background_background&quot;:&quot;classic&quot;,&quot;animation&quot;:&quot;slideInRight&quot;}\">\n\t\t\t<div class=\"elementor-widget-wrap elementor-element-populated\">\n\t\t\t\t\t<div class=\"elementor-background-overlay\"><\/div>\n\t\t\t\t\t\t<div class=\"elementor-element elementor-element-5f5618c elementor-widget elementor-widget-spacer\" data-id=\"5f5618c\" data-element_type=\"widget\" data-e-type=\"widget\" data-widget_type=\"spacer.default\">\n\t\t\t\t<div class=\"elementor-widget-container\">\n\t\t\t\t\t\t\t<div class=\"elementor-spacer\">\n\t\t\t<div class=\"elementor-spacer-inner\"><\/div>\n\t\t<\/div>\n\t\t\t\t\t\t<\/div>\n\t\t\t\t<\/div>\n\t\t\t\t\t<\/div>\n\t\t<\/div>\n\t\t\t\t\t<\/div>\n\t\t<\/section>\n\t\t\t\t<section class=\"elementor-section elementor-top-section elementor-element elementor-element-6d95d476 elementor-section-content-middle elementor-section-full_width elementor-section-stretched elementor-section-height-default elementor-section-height-default\" data-id=\"6d95d476\" data-element_type=\"section\" data-e-type=\"section\" data-settings=\"{&quot;background_background&quot;:&quot;classic&quot;,&quot;stretch_section&quot;:&quot;section-stretched&quot;}\">\n\t\t\t\t\t\t<div class=\"elementor-container elementor-column-gap-no\">\n\t\t\t\t\t<div class=\"elementor-column elementor-col-50 elementor-top-column elementor-element elementor-element-229f884 animated-slow elementor-invisible\" data-id=\"229f884\" data-element_type=\"column\" data-e-type=\"column\" data-settings=\"{&quot;background_background&quot;:&quot;classic&quot;,&quot;animation&quot;:&quot;slideInLeft&quot;}\">\n\t\t\t<div class=\"elementor-widget-wrap elementor-element-populated\">\n\t\t\t\t\t\t<div class=\"elementor-element elementor-element-24e74f21 elementor-widget elementor-widget-spacer\" data-id=\"24e74f21\" data-element_type=\"widget\" data-e-type=\"widget\" data-widget_type=\"spacer.default\">\n\t\t\t\t<div class=\"elementor-widget-container\">\n\t\t\t\t\t\t\t<div class=\"elementor-spacer\">\n\t\t\t<div class=\"elementor-spacer-inner\"><\/div>\n\t\t<\/div>\n\t\t\t\t\t\t<\/div>\n\t\t\t\t<\/div>\n\t\t\t\t\t<\/div>\n\t\t<\/div>\n\t\t\t\t<div class=\"elementor-column elementor-col-50 elementor-top-column elementor-element elementor-element-566b0873\" data-id=\"566b0873\" data-element_type=\"column\" data-e-type=\"column\">\n\t\t\t<div class=\"elementor-widget-wrap elementor-element-populated\">\n\t\t\t\t\t\t<div class=\"elementor-element elementor-element-267c246b animated-slow elementor-invisible elementor-widget elementor-widget-text-editor\" data-id=\"267c246b\" data-element_type=\"widget\" data-e-type=\"widget\" data-settings=\"{&quot;_animation&quot;:&quot;fadeIn&quot;}\" data-widget_type=\"text-editor.default\">\n\t\t\t\t<div class=\"elementor-widget-container\">\n\t\t\t\t\t\t\t\t\tAll\u00ed mismo, encima de la tierra redimida del castigo, ofrecieron los m\u00e1s viejos \u2013 en sus nombres y en los de todos los que de sus sangres de all\u00ed en adelante le sucedieren,- llevar cada a\u00f1o a la Sant\u00edsima Virgen de Gu\u00eda la ofrenda de sus terrazgos y el fruto de sus trabajos y afanes.\t\t\t\t\t\t\t\t<\/div>\n\t\t\t\t<\/div>\n\t\t\t\t\t<\/div>\n\t\t<\/div>\n\t\t\t\t\t<\/div>\n\t\t<\/section>\n\t\t\t\t<section class=\"elementor-section elementor-top-section elementor-element elementor-element-4aac9c93 elementor-section-content-middle elementor-section-full_width elementor-reverse-mobile elementor-section-stretched elementor-section-height-default elementor-section-height-default\" data-id=\"4aac9c93\" data-element_type=\"section\" data-e-type=\"section\" data-settings=\"{&quot;background_background&quot;:&quot;none&quot;,&quot;stretch_section&quot;:&quot;section-stretched&quot;}\">\n\t\t\t\t\t\t<div class=\"elementor-container elementor-column-gap-no\">\n\t\t\t\t\t<div class=\"elementor-column elementor-col-50 elementor-top-column elementor-element elementor-element-1cca1ff2\" data-id=\"1cca1ff2\" data-element_type=\"column\" data-e-type=\"column\" data-settings=\"{&quot;background_background&quot;:&quot;classic&quot;}\">\n\t\t\t<div class=\"elementor-widget-wrap elementor-element-populated\">\n\t\t\t\t\t\t<div class=\"elementor-element elementor-element-30c4057a animated-slow elementor-invisible elementor-widget elementor-widget-text-editor\" data-id=\"30c4057a\" data-element_type=\"widget\" data-e-type=\"widget\" data-settings=\"{&quot;_animation&quot;:&quot;fadeIn&quot;}\" data-widget_type=\"text-editor.default\">\n\t\t\t\t<div class=\"elementor-widget-container\">\n\t\t\t\t\t\t\t\t\t<p>Desde entonces, cada a\u00f1o, se ha venido celebrando ininterrumpidamente esta fiesta, una de las m\u00e1s hermosas y profundamente populares que en nuestra tierra ofrece la tradici\u00f3n y la Fe. Las generaciones actuales quieren incrementar esos sentimientos de gratitud y devoci\u00f3n a la Sant\u00edsima Virgen y, en este a\u00f1o, a trav\u00e9s del tiempo, se har\u00e1n presentes con fuerza nueva todos los descendientes de aquellos que hace ya 205 a\u00f1os, ofrecieron a la Virgen este homenaje eterno en uni\u00f3n del pueblo de Gu\u00eda, en la realizaci\u00f3n del voto aqu\u00e9l, voto que est\u00e1 hecho de Fe, de Esperanza y de Amor a Nuestra Patrona la Virgen de Gu\u00eda.<\/p>\t\t\t\t\t\t\t\t<\/div>\n\t\t\t\t<\/div>\n\t\t\t\t\t<\/div>\n\t\t<\/div>\n\t\t\t\t<div class=\"elementor-column elementor-col-50 elementor-top-column elementor-element elementor-element-18f09322 animated-slow elementor-invisible\" data-id=\"18f09322\" data-element_type=\"column\" data-e-type=\"column\" data-settings=\"{&quot;background_background&quot;:&quot;classic&quot;,&quot;animation&quot;:&quot;slideInRight&quot;}\">\n\t\t\t<div class=\"elementor-widget-wrap elementor-element-populated\">\n\t\t\t\t\t<div class=\"elementor-background-overlay\"><\/div>\n\t\t\t\t\t\t<div class=\"elementor-element elementor-element-243e3c43 elementor-widget elementor-widget-spacer\" data-id=\"243e3c43\" data-element_type=\"widget\" data-e-type=\"widget\" data-widget_type=\"spacer.default\">\n\t\t\t\t<div class=\"elementor-widget-container\">\n\t\t\t\t\t\t\t<div class=\"elementor-spacer\">\n\t\t\t<div class=\"elementor-spacer-inner\"><\/div>\n\t\t<\/div>\n\t\t\t\t\t\t<\/div>\n\t\t\t\t<\/div>\n\t\t\t\t\t<\/div>\n\t\t<\/div>\n\t\t\t\t\t<\/div>\n\t\t<\/section>\n\t\t\t\t<\/div>\n\t\t","protected":false},"excerpt":{"rendered":"<p>Hace ya 214 a\u00f1os, pues sucedi\u00f3 en el a\u00f1o 1811, los vecinos de los Altos, del Barranco del Pinar, de Piedra de Molino, de Junquillo y Verdejo, Palmitales, Calabozo y Paso, Caideros de San Jos\u00e9, Saucillo y Lucena, ofrecieron esta fiesta votiva a la Virgen de Santa Mar\u00eda de Gu\u00eda, en franco agradecimiento al milagro patente por haber salvado sus &#8230; <\/p>\n<p class=\"read-more-container\"><a title=\"Historia\" class=\"read-more button\" href=\"https:\/\/fiestadelasmarias.com\/guia\/historia\/#more-391\" aria-label=\"Leer m\u00e1s sobre Historia\">LEER M\u00c1S<\/a><\/p>\n","protected":false},"author":1,"featured_media":0,"parent":0,"menu_order":0,"comment_status":"closed","ping_status":"closed","template":"","meta":{"generate_page_header":"","footnotes":""},"class_list":["post-391","page","type-page","status-publish"],"_links":{"self":[{"href":"https:\/\/fiestadelasmarias.com\/guia\/wp-json\/wp\/v2\/pages\/391","targetHints":{"allow":["GET"]}}],"collection":[{"href":"https:\/\/fiestadelasmarias.com\/guia\/wp-json\/wp\/v2\/pages"}],"about":[{"href":"https:\/\/fiestadelasmarias.com\/guia\/wp-json\/wp\/v2\/types\/page"}],"author":[{"embeddable":true,"href":"https:\/\/fiestadelasmarias.com\/guia\/wp-json\/wp\/v2\/users\/1"}],"replies":[{"embeddable":true,"href":"https:\/\/fiestadelasmarias.com\/guia\/wp-json\/wp\/v2\/comments?post=391"}],"version-history":[{"count":27,"href":"https:\/\/fiestadelasmarias.com\/guia\/wp-json\/wp\/v2\/pages\/391\/revisions"}],"predecessor-version":[{"id":869,"href":"https:\/\/fiestadelasmarias.com\/guia\/wp-json\/wp\/v2\/pages\/391\/revisions\/869"}],"wp:attachment":[{"href":"https:\/\/fiestadelasmarias.com\/guia\/wp-json\/wp\/v2\/media?parent=391"}],"curies":[{"name":"wp","href":"https:\/\/api.w.org\/{rel}","templated":true}]}}

<div data-elementor-type="wp-page" data-elementor-id="391" class="elementor elementor-391" data-elementor-post-type="page">
						<section class="elementor-section elementor-top-section elementor-element elementor-element-7c2fce6f elementor-section-content-middle elementor-section-full_width elementor-reverse-mobile elementor-section-stretched elementor-section-height-default elementor-section-height-default" data-id="7c2fce6f" data-element_type="section" data-e-type="section" data-settings="{&quot;background_background&quot;:&quot;none&quot;,&quot;stretch_section&quot;:&quot;section-stretched&quot;}">
						<div class="elementor-container elementor-column-gap-no">
					<div class="elementor-column elementor-col-100 elementor-top-column elementor-element elementor-element-64e0c043" data-id="64e0c043" data-element_type="column" data-e-type="column" data-settings="{&quot;background_background&quot;:&quot;gradient&quot;}">
			<div class="elementor-widget-wrap elementor-element-populated">
						<div class="elementor-element elementor-element-551434d animated-slow elementor-invisible elementor-widget elementor-widget-image" data-id="551434d" data-element_type="widget" data-e-type="widget" data-settings="{&quot;_animation&quot;:&quot;fadeIn&quot;}" data-widget_type="image.default">
				<div class="elementor-widget-container">
															<img fetchpriority="high" decoding="async" width="1920" height="478" src="https://fiestadelasmarias.com/guia/wp-content/uploads/2018/07/cab_historia.jpg" class="attachment-full size-full wp-image-394" alt="" srcset="https://fiestadelasmarias.com/guia/wp-content/uploads/2018/07/cab_historia.jpg 1920w, https://fiestadelasmarias.com/guia/wp-content/uploads/2018/07/cab_historia-300x75.jpg 300w, https://fiestadelasmarias.com/guia/wp-content/uploads/2018/07/cab_historia-768x191.jpg 768w, https://fiestadelasmarias.com/guia/wp-content/uploads/2018/07/cab_historia-1024x255.jpg 1024w" sizes="(max-width: 1920px) 100vw, 1920px" />															</div>
				</div>
					</div>
		</div>
					</div>
		</section>
				<section class="elementor-section elementor-top-section elementor-element elementor-element-33216aec elementor-section-content-middle elementor-section-full_width elementor-reverse-mobile elementor-section-stretched elementor-section-height-default elementor-section-height-default" data-id="33216aec" data-element_type="section" data-e-type="section" data-settings="{&quot;background_background&quot;:&quot;none&quot;,&quot;stretch_section&quot;:&quot;section-stretched&quot;}">
						<div class="elementor-container elementor-column-gap-no">
					<div class="elementor-column elementor-col-50 elementor-top-column elementor-element elementor-element-704bf72f" data-id="704bf72f" data-element_type="column" data-e-type="column" data-settings="{&quot;background_background&quot;:&quot;classic&quot;}">
			<div class="elementor-widget-wrap elementor-element-populated">
						<div class="elementor-element elementor-element-f8be694 animated-slow elementor-invisible elementor-widget elementor-widget-text-editor" data-id="f8be694" data-element_type="widget" data-e-type="widget" data-settings="{&quot;_animation&quot;:&quot;fadeIn&quot;}" data-widget_type="text-editor.default">
				<div class="elementor-widget-container">
									<p>Hace ya 214 años, pues sucedió en el año 1811, los vecinos de los Altos, del Barranco del Pinar, de Piedra de Molino, de Junquillo y Verdejo, Palmitales, Calabozo y Paso, Caideros de San José, Saucillo y Lucena, ofrecieron esta fiesta votiva a la Virgen de Santa María de Guía, en franco agradecimiento al milagro patente por haber salvado sus tierras y cosechas del azote de la cigarra que habría de hundirlos en la miseria y en la más negra desesperación. Este voto se hizo en la Montaña de Vergara, de rodillas, llorando ante el desastre inminente. Todos se postraron a la vista de las torres del Santuario de la Virgen, con los ojos clavados en una esperanza que sólo la Fe les hacía tangible. Y la Virgen les oyó. De allí a pocos instantes, vieron unas nubes que subían barranco arriba desde el mar y que al llegar sobre las tierras que gemían bajo el castigo de la plaga, descargó en lluvia torrencial arrasando en pocos momentos la cigarra y alejando en forma tan milagrosa la devastación y la ruina que se cernía sobre sus heredades y sobre toda aquella comarca.</p>								</div>
				</div>
					</div>
		</div>
				<div class="elementor-column elementor-col-50 elementor-top-column elementor-element elementor-element-e7dcd81 animated-slow elementor-invisible" data-id="e7dcd81" data-element_type="column" data-e-type="column" data-settings="{&quot;background_background&quot;:&quot;classic&quot;,&quot;animation&quot;:&quot;slideInRight&quot;}">
			<div class="elementor-widget-wrap elementor-element-populated">
					<div class="elementor-background-overlay"></div>
						<div class="elementor-element elementor-element-5f5618c elementor-widget elementor-widget-spacer" data-id="5f5618c" data-element_type="widget" data-e-type="widget" data-widget_type="spacer.default">
				<div class="elementor-widget-container">
							<div class="elementor-spacer">
			<div class="elementor-spacer-inner"></div>
		</div>
						</div>
				</div>
					</div>
		</div>
					</div>
		</section>
				<section class="elementor-section elementor-top-section elementor-element elementor-element-6d95d476 elementor-section-content-middle elementor-section-full_width elementor-section-stretched elementor-section-height-default elementor-section-height-default" data-id="6d95d476" data-element_type="section" data-e-type="section" data-settings="{&quot;background_background&quot;:&quot;classic&quot;,&quot;stretch_section&quot;:&quot;section-stretched&quot;}">
						<div class="elementor-container elementor-column-gap-no">
					<div class="elementor-column elementor-col-50 elementor-top-column elementor-element elementor-element-229f884 animated-slow elementor-invisible" data-id="229f884" data-element_type="column" data-e-type="column" data-settings="{&quot;background_background&quot;:&quot;classic&quot;,&quot;animation&quot;:&quot;slideInLeft&quot;}">
			<div class="elementor-widget-wrap elementor-element-populated">
						<div class="elementor-element elementor-element-24e74f21 elementor-widget elementor-widget-spacer" data-id="24e74f21" data-element_type="widget" data-e-type="widget" data-widget_type="spacer.default">
				<div class="elementor-widget-container">
							<div class="elementor-spacer">
			<div class="elementor-spacer-inner"></div>
		</div>
						</div>
				</div>
					</div>
		</div>
				<div class="elementor-column elementor-col-50 elementor-top-column elementor-element elementor-element-566b0873" data-id="566b0873" data-element_type="column" data-e-type="column">
			<div class="elementor-widget-wrap elementor-element-populated">
						<div class="elementor-element elementor-element-267c246b animated-slow elementor-invisible elementor-widget elementor-widget-text-editor" data-id="267c246b" data-element_type="widget" data-e-type="widget" data-settings="{&quot;_animation&quot;:&quot;fadeIn&quot;}" data-widget_type="text-editor.default">
				<div class="elementor-widget-container">
									Allí mismo, encima de la tierra redimida del castigo, ofrecieron los más viejos – en sus nombres y en los de todos los que de sus sangres de allí en adelante le sucedieren,- llevar cada año a la Santísima Virgen de Guía la ofrenda de sus terrazgos y el fruto de sus trabajos y afanes.								</div>
				</div>
					</div>
		</div>
					</div>
		</section>
				<section class="elementor-section elementor-top-section elementor-element elementor-element-4aac9c93 elementor-section-content-middle elementor-section-full_width elementor-reverse-mobile elementor-section-stretched elementor-section-height-default elementor-section-height-default" data-id="4aac9c93" data-element_type="section" data-e-type="section" data-settings="{&quot;background_background&quot;:&quot;none&quot;,&quot;stretch_section&quot;:&quot;section-stretched&quot;}">
						<div class="elementor-container elementor-column-gap-no">
					<div class="elementor-column elementor-col-50 elementor-top-column elementor-element elementor-element-1cca1ff2" data-id="1cca1ff2" data-element_type="column" data-e-type="column" data-settings="{&quot;background_background&quot;:&quot;classic&quot;}">
			<div class="elementor-widget-wrap elementor-element-populated">
						<div class="elementor-element elementor-element-30c4057a animated-slow elementor-invisible elementor-widget elementor-widget-text-editor" data-id="30c4057a" data-element_type="widget" data-e-type="widget" data-settings="{&quot;_animation&quot;:&quot;fadeIn&quot;}" data-widget_type="text-editor.default">
				<div class="elementor-widget-container">
									<p>Desde entonces, cada año, se ha venido celebrando ininterrumpidamente esta fiesta, una de las más hermosas y profundamente populares que en nuestra tierra ofrece la tradición y la Fe. Las generaciones actuales quieren incrementar esos sentimientos de gratitud y devoción a la Santísima Virgen y, en este año, a través del tiempo, se harán presentes con fuerza nueva todos los descendientes de aquellos que hace ya 205 años, ofrecieron a la Virgen este homenaje eterno en unión del pueblo de Guía, en la realización del voto aquél, voto que está hecho de Fe, de Esperanza y de Amor a Nuestra Patrona la Virgen de Guía.</p>								</div>
				</div>
					</div>
		</div>
				<div class="elementor-column elementor-col-50 elementor-top-column elementor-element elementor-element-18f09322 animated-slow elementor-invisible" data-id="18f09322" data-element_type="column" data-e-type="column" data-settings="{&quot;background_background&quot;:&quot;classic&quot;,&quot;animation&quot;:&quot;slideInRight&quot;}">
			<div class="elementor-widget-wrap elementor-element-populated">
					<div class="elementor-background-overlay"></div>
						<div class="elementor-element elementor-element-243e3c43 elementor-widget elementor-widget-spacer" data-id="243e3c43" data-element_type="widget" data-e-type="widget" data-widget_type="spacer.default">
				<div class="elementor-widget-container">
							<div class="elementor-spacer">
			<div class="elementor-spacer-inner"></div>
		</div>
						</div>
				</div>
					</div>
		</div>
					</div>
		</section>
				</div>

<p>Hace ya 214 años, pues sucedió en el año 1811, los vecinos de los Altos, del Barranco del Pinar, de Piedra de Molino, de Junquillo y Verdejo, Palmitales, Calabozo y Paso, Caideros de San José, Saucillo y Lucena, ofrecieron esta fiesta votiva a la Virgen de Santa María de Guía, en franco agradecimiento al milagro patente por haber salvado sus &#8230; </p>
<p class="read-more-container"><a title="Historia" class="read-more button" href="https://fiestadelasmarias.com/guia/historia/#more-391" aria-label="Leer más sobre Historia">LEER MÁS</a></p>
